).
15
Let j(p) = -24*p + 585. Give j(23).
33
Let r(x) = -174*x + 8846. Calculate r(51).
-28
Let r(t) = 117*t + 7341. Give r(-63).
-30
Let a(b) = 4*b**3 + 2*b**2 + 5*b - 1. What is a(4)?
307
Let k(a) = 5*a**2 + 644*a - 146. Give k(-129).
-17
Let g(p) = -2*p**2 - 137*p + 1489. Determine g(11).
-260
Let g(z) = 2*z**2 + 11*z + 63. Give g(-12).
219
Let s(c) = -c**2 + 121*c + 230. Calculate s(123).
-16
Let a(n) = 81*n + 769. What is a(-6)?
283
Let g(k) = 2*k**3 - 13*k**2 - 10*k + 54. Determine g(7).
33
Let i(r) = 3*r**3 - 63*r**2 + 54*r + 101. Calculate i(20).
-19
Let k(q) = q**3 - 21*q**2 - 5*q + 55. What is k(21)?
-50
Let q(n) = -20*n**2 - 1219*n + 51. Determine q(-61).
-10
Let s(y) = 42*y - 86. Calculate s(3).
40
Let c(o) = 29*o + 705. Give c(-28).
-107
Let p(s) = -192*s + 181. Calculate p(4).
-587
Let v(p) = -p**3 + 54*p**2 - 705*p + 31. What is v(32)?
-1
Let c(d) = -2*d**3 + 4*d**2 + 650*d + 5. Determine c(-17).
-63
Let a(c) = 114*c**2 - 3*c + 4. Give a(1).
115
Let i(v) = v**2 - 67*v + 350. Determine i(56).
-266
Let z(k) = k**3 - 23*k**2 + 19*k + 55. Calculate z(22).
-11
Let q(s) = 38*s + 432. What is q(-13)?
-62
Let z(n) = 636*n - 12233. Determine z(19).
-149
Let d(l) = -1945*l + 3828. What is d(2)?
-62
Let r(w) = -2*w**3 - 6*w**2 + 28*w + 11. Calculate r(-6).
59
Let r(g) = -3*g**3 - 16*g**2 - 10*g - 32. Calculate r(-5).
-7
Let q(c) = -163*c**2 - 978*c + 6. Calculate q(-6).
6
Let t(d) = 1064*d - 6375. Determine t(6).
9
Let t(y) = -y**3 + 19*y**2 - 29*y - 194. What is t(5)?
11
Let b(m) = m**3 + 59*m**2 + 101*m - 769. What is b(-57)?
-28
Let g(l) = 277*l - 1716. What is g(6)?
-54
Let z(h) = -2*h**3 - 82*h**2 - 225*h + 141. Calculate z(-38).
27
Let f(b) = b**3 + 32*b**2 - 34*b - 43. Calculate f(-33).
-10
Let u(o) = -8*o + 116. Determine u(17).
-20
Let q(x) = -x**3 + 15*x**2 + 27*x + 4. Give q(-2).
18
Let x(f) = 11*f - 527. Calculate x(50).
23
Let g(d) = d**2 - 59*d + 470. Determine g(8).
62
Let w(h) = 9*h**3 + 7*h**2 - 9*h + 14. Calculate w(3).
293
Let l(y) = y**2 + 9*y + 41. Calculate l(-4).
21
Let r(t) = -256*t**2 + 253*t - 1. Calculate r(1).
-4
Let w(t) = -137*t**2 - 37*t - 12. Determine w(-2).
-486
Let q(g) = -2*g**2 + 141*g + 2441. Calculate q(85).
-24
Let w(y) = -24*y**2 - 1136*y + 1959. What is w(-49)?
-1
Let g(i) = 2*i**2 + 114*i - 2013. Calculate g(14).
-25
Let r(c) = 2*c**2 + 83*c - 30. Determine r(-38).
-296
Let f(l) = -l**2 - 274*l - 1335. Calculate f(-5).
10
Let v(u) = -4*u**2 + 270*u - 3001. What is v(14)?
-5
Let o(i) = 19*i**2 + 697*i - 237. Determine o(-37).
-15
Let k(f) = f**3 - 16*f**2 + 51*f + 103. Give k(8).
-1
Let f(z) = -z - 46. Determine f(-21).
-25
Let n(g) = 2*g**3 + 7*g**2 + 3*g - 4. What is n(-6)?
-202
Let s(j) = j**3 - 96*j**2 - 2*j + 186. Calculate s(96).
-6
Let d(y) = 9*y**2 - 202*y - 2196. Calculate d(-8).
-4
Let k(d) = -2*d**3 + 107*d**2 + 54*d - 5. Calculate k(54).
-5
Let s(g) = -g**3 - 111*g**2 - 108*g + 119. Calculate s(-110).
-101
Let v(h) = -157*h - 85. Calculate v(-1).
72
Let a(i) = 607*i**3 + 2*i**2 + 8*i + 7. Determine a(-1).
-606
Let f(l) = -21*l + 43. What is f(2)?
1
Let z(b) = 49*b - 410. What is z(12)?
178
Let y(j) = j**2 + 65*j - 845. Give y(11).
-9
Let w(c) = -108*c - 3990. Calculate w(-37).
6
Let d(o) = -32*o + 1999. Give d(62).
15
Let o(i) = -5*i**2 + 173*i + 173. What is o(-1)?
-5
Let r(u) = -2*u**3 + 12*u**2 + 22*u - 5. Give r(7).
51
Let f(i) = i**2 - 53*i + 566. Give f(15).
-4
Let r(z) = -120*z - 44869. Give r(-374).
11
Let k(n) = 58*n + 1016. What is k(-19)?
-86
Let j(a) = 45*a - 26. What is j(1)?
19
Let v(q) = 5*q**2 + 83*q - 119. Give v(-18).
7
Let j(a) = a**2 - 52*a + 502. Determine j(45).
187
Let j(h) = -h**2 - 41*h - 496. What is j(-30)?
-166
Let o(s) = -57*s + 304. Give o(6).
-38
Let j(s) = s**3 + 64*s**2 + 151*s + 1673. Determine j(-62).
-1
Let b(n) = -15173*n - 45524. Determine b(-3).
-5
Let t(h) = 221*h - 47. What is t(2)?
395
Let z(w) = -w**3 + 19*w**2 - 69*w - 7. Give z(5).
-2
Let s(b) = -b**3 - 6*b**2 - 7*b - 87. Calculate s(-7).
11
Let v(k) = k**3 - 33*k**2 + 19*k + 205. What is v(32)?
-211
Let x(n) = -9*n**3 + 3*n**2 - 2*n + 6. Calculate x(2).
-58
Let g(z) = -15*z**2 - 1292*z + 2587. Calculate g(2).
-57
Let l(c) = 5*c**3 - 44*c**2 - 10*c + 38. What is l(9)?
29
Let i(u) = -8*u**2 - 109*u - 58. What is i(-13)?
7
Let m(u) = u**3 - 209*u**2 - 467*u + 9490. Give m(211).
-5
Let d(i) = -27*i**2 - 16*i - 15. Determine d(-1).
-26
Let d(b) = 11*b + 151. Determine d(-6).
85
Let o(c) = c**3 - 11*c**2 + 19*c - 15. What is o(6)?
-81
Let r(k) = k**3 + 23*k**2 - 167*k - 3828. Determine r(-23).
13
Let i(c) = -c**3 - 21*c**2 + 5*c + 58. Calculate i(-21).
-47
Let d(y) = -17*y + 108. Give d(7).
-11
Let i(v) = v**3 + 9*v**2 + 17*v + 24. Determine i(-7).
3
Let j(g) = 27*g**2 - 851*g + 9. What is j(31)?
-425
Let w(u) = u**3 - 5*u**2 - 21*u + 113. Determine w(5).
8
Let z(w) = 16*w + 464. Give z(-14).
240
Let z(k) = 789*k - 9366. Determine z(12).
102
Let i(n) = 522*n**2 + 2085*n - 12. Give i(-4).
0
Let i(s) = -s**3 + 4*s**2 - 5*s + 47. Calculate i(5).
-3
Let g(m) = -2*m**2 + 109*m + 2350. Give g(-19).
-443
Let n(c) = 181*c - 1275. Calculate n(7).
-8
Let b(y) = 2*y**3 - 89*y**2 - 136*y - 89. Determine b(46).
3
Let k(d) = 3*d + 93. Determine k(-15).
48
Let s(j) = -157*j - 1796. What is s(-12)?
88
Let a(h) = -4*h**2 + 42*h - 38. Determine a(1).
0
Let o(k) = -k**3 - 5*k**2 + 50*k - 9. Determine o(-10).
-9
Let g(c) = c**2 - c - 20. What is g(7)?
22
Let c(b) = 2*b**3 - 165*b**2 - 86*b + 198. Determine c(83).
-51
Let t(q) = -25368*q - 126838. Calculate t(-5).
2
Let u(r) = -53*r**2 - 900*r + 8. Calculate u(-17).
-9
Let i(y) = -2*y - 20. Determine i(7).
-34
Let j(t) = t**2 + 12*t + 57. Determine j(-7).
22
Let s(d) = -5*d**2 - 54*d - 53. Determine s(-1).
-4
Let j(p) = -3*p**3 + 28*p**2 + 89*p + 50. Calculate j(12).
-34
Let q(c) = -11*c**2 - 5*c + 40. Give q(0).
40
Let o(x) = -25*x + 3457. Give o(137).
32
Let m(a) = 2*a**2 + 24*a + 15. What is m(-12)?
15
Let q(k) = 85*k + 5575. Calculate q(-67).
-120
Let z(i) = -i**3 - 36*i**2 - 64*i + 130. Determine z(-34).
-6
Let t(d) = 180*d + 225. What is t(-2)?
-135
Let r(f) = -f**3 + 5*f**2 + 22*f - 6. Determine r(8).
-22
Let x(d) = 3*d**2 - 13*d + 8. Calculate x(0).
8
Let m(k) = -69*k - 1326. Give m(-19).
-15
Let s(x) = x**3 - 19*x**2 - 45*x - 22. Give s(21).
-85
Let i(n) = -2*n**2 - 48*n - 270. Give i(-14).
10
Let g(v) = v**3 - 24*v**2 - 11*v - 420. Determine g(25).
-70
Let l(g) = -g**2 - 50*g + 414. What is l(-57)?
15
Let t(k) = 10*k**2 + 27*k - 10. Calculate t(-4).
42
Let g(u) = -31*u**2 - 1301*u - 2. Determine g(-42).
-44
Let r(o) = o**3 + 14*o**2 + 14*o - 173. Determine r(-11).
36
Let l(t) = -7*t**3 - 18*t**2 - 6*t + 22. Calculate l(1).
-9
Let u(l) = 2*l**2 + 34*l + 239. Determine u(-15).
179
Let f(n) = -n**2 + 53*n + 384. What is f(-7)?
-36
Let d(i) = -2*i**2 - 10*i + 161. Give d(7).
-7
Let o(r) = 48*r + 30. Calculate o(-1).
-18
Let s(t) = -t**3 + 17*t**2 - 41*t - 31. What is s(15)?
-196
Let i(y) = 14*y**3 + 23*y**2 - 32*y - 33. Determine i(2).
107
Let y(w) = 748*w + 2251. Calculate y(-3).
7
Let j(d) = 65*d + 479. Determine j(-13).
-366
Let l(r) = -r**2 + 345*r - 4979. Give l(15).
-29
Let t(s) = -s**3 + s**2 + 7*s - 4. Determine t(-3).
11
Let n(x) = x**3 - 3*x + 15. What is n(7)?
337
Let t(x) = x**3 + 93*x**2 + 269*x - 183. Give t(-90).
-93
Let h(b) = 6*b**2 - 115*b + 77. Determine h(18).
-49
Let i(z) = -z**3 + 24*z**2 - 95*z + 38. Calculate i(19).
38
Let v(o) = 9*o**3 + 18*o**2 - 36*o + 20. Calculate v(1).
11
Let u(q) = 87*q + 1547. Calculate u(-18).
-19
Let u(l) = -557*l - 3369. Determine u(-6).
-27
Let t(w) = 2*w**3 + 241*w**2 - 120*w + 126. What is t(-121)?
5
Let n(p) = -40*p - 609. Give n(-16).
31
Let o(r) = 4*r**2 - 73*r + 245. Give o(14).
7
Let k(w) = -w**2 - 132*w + 217. Determine k(0).
217
Let k(p) = -6*p**2 + 208*p + 782. Determine k(38).
22
Let q(s) = s**3 - 32*s**2 - 30*s - 112. Determine q(33).
-13
Let h(g) = -g**2 - 630*g - 16851. What is h(-28)?
5
Let z(c) = c**2 + 32*c + 136. What is z(-11)?
-95
Let q(r) = -r**3 + 74*r**2 - 498*r + 1915. What is q(67)?
-28
Let x(n) = -21*n**2 - 12*n - 42. Determine x(0).
-42
Let b(m) = -117*m - 417. Determine b(-3).
-66
Let c(n) = 460*n - 5195. What is c(11)?
-135
Let s(t) = 3*t**3 - 11*t**2 + 15*t - 13. What is s(2)